{"id":867,"date":"2019-09-26T11:45:25","date_gmt":"2019-09-26T09:45:25","guid":{"rendered":"https:\/\/azure.teamprojects.de\/?page_id=867"},"modified":"2019-09-29T19:04:39","modified_gmt":"2019-09-29T17:04:39","slug":"konfiguration-der-smart-home-komponenten","status":"publish","type":"page","link":"https:\/\/azure.teamprojects.de\/?page_id=867","title":{"rendered":"Konfiguration der Smart-Home Komponenten"},"content":{"rendered":"\n<p>In diesem Kapitel wird die Einrichtung und Konfiguration der Komponenten beschrieben.<\/p>\n\n\n\n<p>Bei der Konfiguration wurden diverse Use-Cases vorgesehen die folgendem Kapitel zu entnehmen sind:<\/p>\n\n\n\n<p><a href=\"https:\/\/azure.teamprojects.de\/?page_id=1316\" target=\"_blank\" rel=\"noreferrer noopener\" aria-label=\" (opens in a new tab)\">https:\/\/azure.teamprojects.de\/?page_id=1316<\/a><\/p>\n\n\n\n<h2><strong>Gateway<\/strong><\/h2>\n\n\n\n<p>Dokumentation Gateway:<br><a href=\"http:\/\/enocean-gateway.eu\/images\/documents\/Documentation\/manual.html\" target=\"_blank\" rel=\"noreferrer noopener\" aria-label=\" (opens in a new tab)\">http:\/\/enocean-gateway.eu\/images\/documents\/Documentation\/manual.html<\/a><\/p>\n\n\n\n<p>Das Gateway bildet den Schnittpunkt zwischen den Smart-Home Komponenten von J\u00e4ger Direkt und den Azure IoT Services. Zus\u00e4tzlich bietet das Gateway die M\u00f6glichkeit herstellerunabh\u00e4ngige  Komponenten basierend auf dem EnOcean Protokoll einzubinden. <\/p>\n\n\n\n<p>Sobald die physikalische Verbindung des Ger\u00e4tes hergestellt wurde, bietet das Online Portal der Firma Digital Concepts die M\u00f6glichkeit Komponenten in das Gateway einzubinden. Dazu ist die IP-Adresse 10.0.1.20 in die Browser Suchleiste einzutragen.  Der Anmeldename &#8222;user&#8220; sowie das Passwort &#8222;user&#8220; sind werksseitig in die daf\u00fcr vorgesehenen Felder einzutragen.<\/p>\n\n\n\n<figure class=\"wp-block-image\"><img decoding=\"async\" loading=\"lazy\" width=\"1024\" height=\"711\" src=\"https:\/\/azure.teamprojects.de\/wp-content\/uploads\/2019\/09\/image-1024x711.png\" alt=\"\" class=\"wp-image-1167\" srcset=\"https:\/\/azure.teamprojects.de\/wp-content\/uploads\/2019\/09\/image-1024x711.png 1024w, https:\/\/azure.teamprojects.de\/wp-content\/uploads\/2019\/09\/image-300x208.png 300w, https:\/\/azure.teamprojects.de\/wp-content\/uploads\/2019\/09\/image-768x534.png 768w\" sizes=\"(max-width: 767px) 89vw, (max-width: 1000px) 54vw, (max-width: 1071px) 543px, 580px\" \/><figcaption>Home-Screen <\/figcaption><\/figure>\n\n\n\n<p>Zur Anbindung an den Microsoft Azure Service ist im Reiter Internet of Things der Men\u00fcpunkt Azure IoT Hub auszuw\u00e4hlen. Dort muss man den Punkt &#8222;Enable Azure&#8220; anw\u00e4hlen und den Hostnamen, die Device ID sowie den Connection key eintragen. <\/p>\n\n\n\n<figure class=\"wp-block-image\"><img decoding=\"async\" loading=\"lazy\" width=\"1024\" height=\"447\" src=\"https:\/\/azure.teamprojects.de\/wp-content\/uploads\/2019\/09\/image-1-1024x447.png\" alt=\"\" class=\"wp-image-1168\" srcset=\"https:\/\/azure.teamprojects.de\/wp-content\/uploads\/2019\/09\/image-1-1024x447.png 1024w, https:\/\/azure.teamprojects.de\/wp-content\/uploads\/2019\/09\/image-1-300x131.png 300w, https:\/\/azure.teamprojects.de\/wp-content\/uploads\/2019\/09\/image-1-768x335.png 768w\" sizes=\"(max-width: 767px) 89vw, (max-width: 1000px) 54vw, (max-width: 1071px) 543px, 580px\" \/><figcaption>Azure IoT Hub<\/figcaption><\/figure>\n\n\n\n<p>Unter dem Reitern EnOcean Devices k\u00f6nnen die bereits angelegten Komponenten eingesehen, sowie bearbeitet werden.  Zudem verf\u00fcgt die Seite \u00fcber einige Kurzinformationen \u00fcber die Devices. So kann  z.B. die Zeit abgelesen werden, an der das letzte Telegramm empfangen wurde, die zugeh\u00f6rige ID des Devices, sowie dessen angelegter Spitzname.<\/p>\n\n\n\n<figure class=\"wp-block-image\"><img decoding=\"async\" loading=\"lazy\" width=\"1024\" height=\"718\" src=\"https:\/\/azure.teamprojects.de\/wp-content\/uploads\/2019\/09\/image-2-1024x718.png\" alt=\"\" class=\"wp-image-1169\" srcset=\"https:\/\/azure.teamprojects.de\/wp-content\/uploads\/2019\/09\/image-2-1024x718.png 1024w, https:\/\/azure.teamprojects.de\/wp-content\/uploads\/2019\/09\/image-2-300x210.png 300w, https:\/\/azure.teamprojects.de\/wp-content\/uploads\/2019\/09\/image-2-768x538.png 768w\" sizes=\"(max-width: 767px) 89vw, (max-width: 1000px) 54vw, (max-width: 1071px) 543px, 580px\" \/><figcaption>EnOcean Devices<\/figcaption><\/figure>\n\n\n\n<p>Zum Anlegen neuer Devices im System ist der Men\u00fcpunkt EnOcean &#8211;&gt; New Device auszuw\u00e4hlen. Dort gibt es zwei M\u00f6glichkeiten ein neues Ger\u00e4t anzulegen. So kann z.B. ein (sich bereits im Netzwerk befindliches) Ger\u00e4t mit der Option &#8222;detect device automatically&#8220; automatisch eingelernt werden.<\/p>\n\n\n\n<figure class=\"wp-block-image\"><img decoding=\"async\" loading=\"lazy\" width=\"1024\" height=\"470\" src=\"https:\/\/azure.teamprojects.de\/wp-content\/uploads\/2019\/09\/image-3-1024x470.png\" alt=\"\" class=\"wp-image-1171\" srcset=\"https:\/\/azure.teamprojects.de\/wp-content\/uploads\/2019\/09\/image-3-1024x470.png 1024w, https:\/\/azure.teamprojects.de\/wp-content\/uploads\/2019\/09\/image-3-300x138.png 300w, https:\/\/azure.teamprojects.de\/wp-content\/uploads\/2019\/09\/image-3-768x352.png 768w\" sizes=\"(max-width: 767px) 89vw, (max-width: 1000px) 54vw, (max-width: 1071px) 543px, 580px\" \/><figcaption>Detect device automatically<\/figcaption><\/figure>\n\n\n\n<p>Wird ein Ger\u00e4t Manuell eingelernt sind folgende Informationen einzutragen:<\/p>\n\n\n\n<ul><li>Device ID: Eindeutige Ger\u00e4teidentifikationsnummer, die vom Hersteller vorgegeben wird. <\/li><li>Freindly ID: Spitzname der vom Benutzer festgelegt wird.<\/li><li>Name of physical device: Produktname, der vom Hersteller vorgegeben wird. <\/li><li>Location: Einbauposition die vom Benutzer festgelegt wird.<\/li><li>Manufacturer: Hersteller.<\/li><li>EnOcean Equipment Profile: Kommunikationsprotokoll des Device, kann dem Datenblatt entnommen werden.<\/li><\/ul>\n\n\n\n<figure class=\"wp-block-image\"><img decoding=\"async\" loading=\"lazy\" width=\"1024\" height=\"633\" src=\"https:\/\/azure.teamprojects.de\/wp-content\/uploads\/2019\/09\/image-4-1024x633.png\" alt=\"\" class=\"wp-image-1172\" srcset=\"https:\/\/azure.teamprojects.de\/wp-content\/uploads\/2019\/09\/image-4-1024x633.png 1024w, https:\/\/azure.teamprojects.de\/wp-content\/uploads\/2019\/09\/image-4-300x185.png 300w, https:\/\/azure.teamprojects.de\/wp-content\/uploads\/2019\/09\/image-4-768x474.png 768w\" sizes=\"(max-width: 767px) 89vw, (max-width: 1000px) 54vw, (max-width: 1071px) 543px, 580px\" \/><figcaption>Add device manually<\/figcaption><\/figure>\n\n\n\n<h2><strong>J\u00e4ger Direkt Config Tool<\/strong><\/h2>\n\n\n\n<p>Um die Smart-Home Komponenten in Betrieb nehmen zu k\u00f6nnen, m\u00fcssen sie vorab konfiguriert werden.  Dies kann entweder durch die Einbindung einer Software-Schnittstelle wie Apple HomeKit, sowie einer anderen Smart-App geschehen oder durch das Hinterlegen der Logik auf Hardwareseite. Dazu dient das Config Tool.<\/p>\n\n\n\n<p>In diesem Projekt wird keine Smart-App verwendet, da die Cloud Umgebung Azure und die eigene Umsetzung im Vordergrund stehen. Die Verschaltung der Komponenten wird daher direkt in der Ger\u00e4tekonfiguration hinterlegt. Die Logik (z.B. Aussperrschutz) wird direkt in der Hardware hinterlegt.<\/p>\n\n\n\n<p>Da die Komponenten bereits durch die Gateway-Konfiguration im EnOcean Netz bekannt sind und mit der Azure Cloud kommunizieren k\u00f6nnen, muss nur noch die Vernetzung untereinander erfolgen. Diese Einstellungen k\u00f6nnen im J\u00e4ger Config Tool vorgenommen werden.<\/p>\n\n\n\n<figure class=\"wp-block-image\"><img decoding=\"async\" loading=\"lazy\" width=\"1024\" height=\"750\" src=\"https:\/\/azure.teamprojects.de\/wp-content\/uploads\/2019\/09\/Anmerkung-2019-09-24-001316-1024x750.png\" alt=\"\" class=\"wp-image-1234\" srcset=\"https:\/\/azure.teamprojects.de\/wp-content\/uploads\/2019\/09\/Anmerkung-2019-09-24-001316-1024x750.png 1024w, https:\/\/azure.teamprojects.de\/wp-content\/uploads\/2019\/09\/Anmerkung-2019-09-24-001316-300x220.png 300w, https:\/\/azure.teamprojects.de\/wp-content\/uploads\/2019\/09\/Anmerkung-2019-09-24-001316-768x563.png 768w, https:\/\/azure.teamprojects.de\/wp-content\/uploads\/2019\/09\/Anmerkung-2019-09-24-001316.png 1246w\" sizes=\"(max-width: 767px) 89vw, (max-width: 1000px) 54vw, (max-width: 1071px) 543px, 580px\" \/><figcaption>J\u00e4ger Config Tool<\/figcaption><\/figure>\n\n\n\n<p>Das J\u00e4ger Config Tool ben\u00f6tigt f\u00fcr den vollst\u00e4ndigen Funktionsumfang ein Dongle.<\/p>\n\n\n\n<p>Zun\u00e4chst wird im Config Tool ein neues Projekt angelegt. Dazu kann entweder ein Projekt aus einer Projektvorlage erzeugt werden oder mit einem leeren Projekt begonnen werden. In diesem Projekt wird mit einer leeren Projektmappe begonnen.<\/p>\n\n\n\n<p>Als n\u00e4chstes m\u00fcssen dem Projekt ein oder mehrere R\u00e4ume zugewiesen werden. In den R\u00e4umen k\u00f6nnen dann Komponenten hinterlegt werden. Da in diesem Projekt nur ein Seminarraum ausgestattet wird, wird nur ein neuer Raum definiert.<\/p>\n\n\n\n<p>Das Hauptfenster des Programms besitzt oben Reiter, in denen Projektdaten hinterlegt sind, die verschiedenen R\u00e4ume verwaltet und die verwendeten Ger\u00e4te und deren Eigenschaften angesehen werden k\u00f6nnen. <\/p>\n\n\n\n<figure class=\"wp-block-image is-resized\"><img decoding=\"async\" loading=\"lazy\" src=\"https:\/\/azure.teamprojects.de\/wp-content\/uploads\/2019\/09\/reiter.png\" alt=\"\" class=\"wp-image-1313\" width=\"486\" height=\"104\" srcset=\"https:\/\/azure.teamprojects.de\/wp-content\/uploads\/2019\/09\/reiter.png 640w, https:\/\/azure.teamprojects.de\/wp-content\/uploads\/2019\/09\/reiter-300x64.png 300w\" sizes=\"(max-width: 486px) 100vw, 486px\" \/><figcaption>\u00dcbersicht Reiter<\/figcaption><\/figure>\n\n\n\n<div class=\"wp-block-image\"><figure class=\"aligncenter\"><img decoding=\"async\" loading=\"lazy\" width=\"1024\" height=\"549\" src=\"https:\/\/azure.teamprojects.de\/wp-content\/uploads\/2019\/09\/projektdaten-1024x549.png\" alt=\"\" class=\"wp-image-1311\" srcset=\"https:\/\/azure.teamprojects.de\/wp-content\/uploads\/2019\/09\/projektdaten-1024x549.png 1024w, https:\/\/azure.teamprojects.de\/wp-content\/uploads\/2019\/09\/projektdaten-300x161.png 300w, https:\/\/azure.teamprojects.de\/wp-content\/uploads\/2019\/09\/projektdaten-768x412.png 768w, https:\/\/azure.teamprojects.de\/wp-content\/uploads\/2019\/09\/projektdaten.png 1920w\" sizes=\"(max-width: 767px) 89vw, (max-width: 1000px) 54vw, (max-width: 1071px) 543px, 580px\" \/><figcaption>\u00dcbersicht Projektdaten<\/figcaption><\/figure><\/div>\n\n\n\n<figure class=\"wp-block-image\"><img decoding=\"async\" loading=\"lazy\" width=\"1024\" height=\"549\" src=\"https:\/\/azure.teamprojects.de\/wp-content\/uploads\/2019\/09\/ger\u00e4te-1024x549.png\" alt=\"\" class=\"wp-image-1312\" srcset=\"https:\/\/azure.teamprojects.de\/wp-content\/uploads\/2019\/09\/ger\u00e4te-1024x549.png 1024w, https:\/\/azure.teamprojects.de\/wp-content\/uploads\/2019\/09\/ger\u00e4te-300x161.png 300w, https:\/\/azure.teamprojects.de\/wp-content\/uploads\/2019\/09\/ger\u00e4te-768x412.png 768w, https:\/\/azure.teamprojects.de\/wp-content\/uploads\/2019\/09\/ger\u00e4te.png 1920w\" sizes=\"(max-width: 767px) 89vw, (max-width: 1000px) 54vw, (max-width: 1071px) 543px, 580px\" \/><figcaption>\u00dcbersicht Ger\u00e4te<\/figcaption><\/figure>\n\n\n\n<p>\u00dcber den Reiter Konfiguration k\u00f6nnen die gemachten Einstellungen auf die Hardware geladen werden.  Die Software pr\u00fcft dabei alle Daten aller Ger\u00e4te auf Korrektheit. Hierbei erkennt die Software automatisch die gemachten \u00c4nderungen. Die Parameter werden nur inkrementell hochgeladen. Der Upload beginnt automatisch.<\/p>\n\n\n\n<div class=\"wp-block-image\"><figure class=\"aligncenter is-resized\"><img decoding=\"async\" loading=\"lazy\" src=\"https:\/\/azure.teamprojects.de\/wp-content\/uploads\/2019\/09\/upload-1024x203.png\" alt=\"\" class=\"wp-image-1314\" width=\"654\" height=\"129\" srcset=\"https:\/\/azure.teamprojects.de\/wp-content\/uploads\/2019\/09\/upload-1024x203.png 1024w, https:\/\/azure.teamprojects.de\/wp-content\/uploads\/2019\/09\/upload-300x60.png 300w, https:\/\/azure.teamprojects.de\/wp-content\/uploads\/2019\/09\/upload-768x152.png 768w, https:\/\/azure.teamprojects.de\/wp-content\/uploads\/2019\/09\/upload.png 1481w\" sizes=\"(max-width: 654px) 100vw, 654px\" \/><figcaption>Konfigurationsdaten schreiben<\/figcaption><\/figure><\/div>\n\n\n\n<p>Links am Rand der Software befindet sich die Komponentenauswahl. Hier finden sich h\u00e4ufig oder zuletzt verwendete Komponenten. Komponenten werden per Drag and Drop in den Raum gezogen.<\/p>\n\n\n\n<div class=\"wp-block-image\"><figure class=\"aligncenter is-resized\"><img decoding=\"async\" loading=\"lazy\" src=\"https:\/\/azure.teamprojects.de\/wp-content\/uploads\/2019\/09\/seite.png\" alt=\"\" class=\"wp-image-1417\" width=\"242\" height=\"659\" srcset=\"https:\/\/azure.teamprojects.de\/wp-content\/uploads\/2019\/09\/seite.png 300w, https:\/\/azure.teamprojects.de\/wp-content\/uploads\/2019\/09\/seite-110x300.png 110w\" sizes=\"(max-width: 242px) 100vw, 242px\" \/><figcaption>Ger\u00e4te\u00fcbersicht<\/figcaption><\/figure><\/div>\n\n\n\n<p>Um Komponenten finden zu k\u00f6nnen gibt es eine weitere M\u00f6glichkeit. Ist ein Ger\u00e4t neu im Netzwerk, so kann es automatisch erkannt werden, wenn es mehrfach ausgel\u00f6st wird. Bei einem Schalter wird das automatische Erkennen zum Beispiel durch mehrfaches schnelles Dr\u00fccken ausgel\u00f6st.<\/p>\n\n\n\n<p>Die Smart-Home Komponenten werden dem Raum hinzugef\u00fcgt, ebenso das Gateway (per Drag and Drop). Die Komponenten k\u00f6nnen nun angepasst werden. Dazu \u00f6ffnet man mit einem Klick auf die Komponenten das Eigenschaften-Men\u00fc am rechten Bildschirmrand. Hier lassen sich Ger\u00e4te-Einstellungen wie Tastenbelegung, Fahrzeit, sowie Ein- und Ausg\u00e4nge treffen. Jedes Bauteil hat je nach Funktion einen anderen Einstellungsbereich. Beispielhaft wird deshalb hier eine Jalousiesteuerung betrachtet.<\/p>\n\n\n\n<div class=\"wp-block-image\"><figure class=\"aligncenter is-resized\"><img decoding=\"async\" loading=\"lazy\" src=\"https:\/\/azure.teamprojects.de\/wp-content\/uploads\/2019\/09\/eigenschaften.png\" alt=\"\" class=\"wp-image-1419\" width=\"407\" height=\"723\" srcset=\"https:\/\/azure.teamprojects.de\/wp-content\/uploads\/2019\/09\/eigenschaften.png 575w, https:\/\/azure.teamprojects.de\/wp-content\/uploads\/2019\/09\/eigenschaften-169x300.png 169w\" sizes=\"(max-width: 407px) 100vw, 407px\" \/><figcaption>Eigenschaften-Fenster<\/figcaption><\/figure><\/div>\n\n\n\n<p>Neben den Produkteigenschaften lassen sich Informationen wie eine Beschreibung, oder die Produktabbbildung einsehen. Unter dem Reiter Funk kann die EnOcean ID eingesehen oder manuell eingetragen werden, falls das Ger\u00e4t sich nicht automatisch verbindet. Im Reiter Funktion lassen sich die Einstellungen festlegen, die grundlegend f\u00fcr das jeweilige Ger\u00e4t sind. Bei der Jalousiesteuerung ist dies zum beispiel die Fahrzeit.<\/p>\n\n\n\n<p>Unten am rechten Rand befinden sich die Einstellungen der In- und Outputs. Eingehende und ausgehende Signale k\u00f6nnen hier festgelegt und eingesehen werden.<\/p>\n\n\n\n<p>Hier\u00fcber lassen sich die Ger\u00e4te miteinander verbinden. Wird im Hauptfenster ein Ein- oder Ausgang markiert (angew\u00e4hlte Schnittstellen werden farblich gelb markiert), werden rechts im Eigenschaften-Fenster die m\u00f6glichen Gegenstellen angezeig. Hierbei k\u00f6nnen sowohl die Ein- und Ausg\u00e4nge des selben Moduls gew\u00e4hlt werden, aber auch Ein- und Ausg\u00e4nge von anderen Modulen. So kann zum Beispiel festgelegt werden, welcher Schalter oder Bewegungsmelder welches Licht steuert oder wie ein Fensterkontakt mit der Heizung verkn\u00fcpft ist.<\/p>\n\n\n\n<div class=\"wp-block-image\"><figure class=\"aligncenter\"><img decoding=\"async\" loading=\"lazy\" width=\"978\" height=\"982\" src=\"https:\/\/azure.teamprojects.de\/wp-content\/uploads\/2019\/09\/output.png\" alt=\"\" class=\"wp-image-1422\" srcset=\"https:\/\/azure.teamprojects.de\/wp-content\/uploads\/2019\/09\/output.png 978w, https:\/\/azure.teamprojects.de\/wp-content\/uploads\/2019\/09\/output-150x150.png 150w, https:\/\/azure.teamprojects.de\/wp-content\/uploads\/2019\/09\/output-300x300.png 300w, https:\/\/azure.teamprojects.de\/wp-content\/uploads\/2019\/09\/output-768x771.png 768w, https:\/\/azure.teamprojects.de\/wp-content\/uploads\/2019\/09\/output-100x100.png 100w\" sizes=\"(max-width: 767px) 89vw, (max-width: 1000px) 54vw, (max-width: 1071px) 543px, 580px\" \/><figcaption>Festlegung der Ein- und Ausg\u00e4nge<\/figcaption><\/figure><\/div>\n\n\n\n<p>Hinweis: Der Heizungs-Stellantrieb ben\u00f6tigt f\u00fcr die Konfiguration ein entsprechendes Tool, dass in diesem Projekt nicht zum Einsatz kam.<\/p>\n\n\n\n<p>Das konfigurierte Projekt kann nach der Einrichtung gespeichert werden und die Konfiguration auf die  Komponenten gebrannt werden (Reiter Konfiguration am oberen Fensterrand). Die Hardware funktioniert dann auch ohne Config Tool wie konfiguriert.<\/p>\n","protected":false},"excerpt":{"rendered":"<p>In diesem Kapitel wird die Einrichtung und Konfiguration der Komponenten beschrieben. Bei der Konfiguration wurden diverse Use-Cases vorgesehen die folgendem Kapitel zu entnehmen sind: https:\/\/azure.teamprojects.de\/?page_id=1316 Gateway Dokumentation Gateway:http:\/\/enocean-gateway.eu\/images\/documents\/Documentation\/manual.html Das Gateway bildet den Schnittpunkt zwischen den Smart-Home Komponenten von J\u00e4ger Direkt und den Azure IoT Services. Zus\u00e4tzlich bietet das Gateway die M\u00f6glichkeit herstellerunabh\u00e4ngige Komponenten basierend auf &hellip; <\/p>\n<p class=\"link-more\"><a href=\"https:\/\/azure.teamprojects.de\/?page_id=867\" class=\"more-link\"><span class=\"screen-reader-text\">\u201eKonfiguration der Smart-Home Komponenten\u201c<\/span> weiterlesen<\/a><\/p>\n","protected":false},"author":100,"featured_media":0,"parent":792,"menu_order":0,"comment_status":"closed","ping_status":"closed","template":"","meta":[],"_links":{"self":[{"href":"https:\/\/azure.teamprojects.de\/index.php?rest_route=\/wp\/v2\/pages\/867"}],"collection":[{"href":"https:\/\/azure.teamprojects.de\/index.php?rest_route=\/wp\/v2\/pages"}],"about":[{"href":"https:\/\/azure.teamprojects.de\/index.php?rest_route=\/wp\/v2\/types\/page"}],"author":[{"embeddable":true,"href":"https:\/\/azure.teamprojects.de\/index.php?rest_route=\/wp\/v2\/users\/100"}],"replies":[{"embeddable":true,"href":"https:\/\/azure.teamprojects.de\/index.php?rest_route=%2Fwp%2Fv2%2Fcomments&post=867"}],"version-history":[{"count":16,"href":"https:\/\/azure.teamprojects.de\/index.php?rest_route=\/wp\/v2\/pages\/867\/revisions"}],"predecessor-version":[{"id":1449,"href":"https:\/\/azure.teamprojects.de\/index.php?rest_route=\/wp\/v2\/pages\/867\/revisions\/1449"}],"up":[{"embeddable":true,"href":"https:\/\/azure.teamprojects.de\/index.php?rest_route=\/wp\/v2\/pages\/792"}],"wp:attachment":[{"href":"https:\/\/azure.teamprojects.de\/index.php?rest_route=%2Fwp%2Fv2%2Fmedia&parent=867"}],"curies":[{"name":"wp","href":"https:\/\/api.w.org\/{rel}","templated":true}]}}